 what is -12002011100 - -121012022?
-11110222001
In base 7, what is 226224 + 3121?
232345
In base 7, what is -54131 - 135?
-54266
In base 5, what is -1132240 - -2401?
-1124334
In base 5, what is 22341 + 120233?
143124
In base 12, what is 437 + -47b?
-44
In base 8, what is -44055555 + -4?
-44055561
In base 6, what is -1 + 12205325103?
12205325102
In base 16, what is -21b + a15?
7fa
In base 9, what is 2308 + 14237?
16546
In base 15, what is -4 - 34ed536?
-34ed53a
In base 11, what is 14a4171a3 + 3?
14a4171a6
In base 2, what is -111011 + -10010001011101?
-10010010011000
In base 9, what is -1 + -12000288?
-12000300
In base 8, what is 152 + 11244560?
11244732
In base 2, what is -111011110 - 111000001110000?
-111001001001110
In base 2, what is -11001010001000000110100100111 - -100?
-11001010001000000110100100011
In base 14, what is 6 - -262346cb?
262346d3
In base 11, what is 8547 - -78?
8614
In base 2, what is -10001110000111011011110100101 + -1?
-10001110000111011011110100110
In base 14, what is -16a - -4a52?
48c6
In base 6, what is -120442 - -4242?
-112200
In base 11, what is 4 - -43390266?
4339026a
In base 15, what is 44 - e82c?
-e7d8
In base 16, what is -3 - 1b86de?
-1b86e1
In base 2, what is 10101010010 + -1110010110111010?
-1110000001101000
In base 4, what is 11023030021 - -310?
11023030331
In base 16, what is 445169b + -5?
4451696
In base 4, what is -233232101 - 1301?
-233300002
In base 4, what is 2301 + 11103110?
11112011
In base 16, what is -2991 + -44?
-29d5
In base 7, what is 114 + 41364606?
41365023
In base 6, what is 1213402250 + -1?
1213402245
In base 15, what is -8 + -6cc03e3?
-6cc03eb
In base 13, what is 2 - -b3106?
b3108
In base 5, what is -1422010233 + 10?
-1422010223
In base 6, what is -242233014 + 102?
-242232512
In base 5, what is -40141311 - -13124?
-40123132
In base 4, what is 122001 - -2331100?
3113101
In base 16, what is 4da - -68e6?
6dc0
In base 10, what is -2 + 1684906?
1684904
In base 7, what is -3 - -30446545?
30446542
In base 12, what is 59608b6 - -47?
5960941
In base 5, what is 10434042 - 1124?
10432413
In base 3, what is -202201 + -112102?
-1022010
In base 14, what is -41 - 42a5c?
-42a9d
In base 12, what is 99 + 743a3?
74480
In base 10, what is 981752 + -130?
981622
In base 4, what is 33233223020 + 10?
33233223030
In base 13, what is -125b1a - 1?
-125b1b
In base 8, what is -123050041 + 1?
-123050040
In base 4, what is -12030202112 + 12312?
-12030123200
In base 15, what is ec580 + 172?
ec702
In base 8, what is -40556427 - 76?
-40556525
In base 13, what is -299b + -165?
-2b33
In base 9, what is -441225 + 1120?
-440105
In base 3, what is 12210010220 + -11121022?
12121112121
In base 14, what is -56d11 + 259?
-56a96
In base 12, what is -862 + 975b?
8ab9
In base 16, what is 5c79 + 116?
5d8f
In base 12, what is b + 2416848?
2416857
In base 12, what is 8 + 39591?
39599
In base 6, what is -40030 + -2110?
-42140
In base 16, what is 36a37 + 2d?
36a64
In base 14, what is -741 - 403c0?
-40b21
In base 13, what is 89723 + -73?
89680
In base 3, what is 2021 + 22121011020?
22121020111
In base 16, what is -1b513 - 9f8?
-1bf0b
In base 14, what is -2 + -c894990?
-c894992
In base 7, what is -121206 + -105?
-121314
In base 4, what is 2 - 3012031011?
-3012031003
In base 10, what is 0 + -840821?
-840821
In base 11, what is -24595670 - -4?
-24595667
In base 8, what is -47 + -2003445?
-2003514
In base 5, what is 300 + 10201001112?
10201001412
In base 3, what is -211 - -1010000010220?
1010000010002
In base 14, what is -9217b - -35?
-92146
In base 5, what is -1110322 + 110003?
-1000314
In base 5, what is 0 + 223430433?
223430433
In base 5, what is -1443041022 + 2?
-1443041020
In base 16, what is -2 - 1e524c6?
-1e524c8
In base 7, what is -10343 - 62365?
-103041
In base 3, what is 102002 + -20102210?
-20000201
In base 11, what is -342 + 5823a?
579a8
In base 16, what is 4 + -1f0da9?
-1f0da5
In base 10, what is 174665 + 330?
174995
In base 14, what is -558cac + 3?
-558ca9
In base 8, what is 1334 - -134667?
136223
In base 9, what is 618 + 50054?
50673
In base 6, what is 330 + 13542303?
13543033
In base 13, what is 684138 - -1?
684139
In base 11, what is 49451 - 74?
49388
In base 7, what is 10 - 643011?
-643001
In base 2, what is 11101110011111000 - -11111110?
11101110111110110
In base 2, what is 10 + -1101100010100110100010001?
-1101100010100110100001111
In base 14, what is -3 - cb6c68?
-cb6c6b
In base 12, what is -56 + -21a3a47?
-21a3aa1
In base 11, what is -44 - 1026087?
-1026120
In base 12, what is -99 - -38892?
387b5
In base 3, what is -1001 + -1212021011221120?
-1212021011222121
In base 3, what is 2122001 - -2111121101?
2121020102
In base 9, what is 4 + -4678254?
-4678250
In base 6, what is 1214 - 3524250?
-3523032
In base 12, what is -110 - -11091?
10b81
In base 14, what is 433536 - -5?
43353b
In base 3, what is -2 - -1202002222011200?
1202002222011121
In base 7, what is 6 + -31001265?
-31001256
In base 3, what is -100120021222020122 - 1?
-100120021222020200
In base 6, what is 255551 - 5423?
250124
In base 9, what is 1301 + -6327?
-5026
In base 7, what is 1005432 - 31?
1005401
In base 11, what is -440 + -230744?
-231084
In base 8, what is 4023710 + -76?
4023612
In base 9, what is -3 + 18252867?
18252864
In base 9, what is 4158686 - 158?
4158527
In base 4, what is 1103 + -223100230123?
-223100223020
In base 9, what is 3416800 + -147?
3416642
In base 11, what is 6 + 128a612a4?
128a612aa
In base 15, what is 1aceb + -3d?
1acad
In base 14, what is 76b282d - -2?
76b2831
In base 9, what is 30663 - -1074?
31747
In base 16, what is 4cf6748 - -6?
4cf674e
In base 10, what is 2 + -1954298?
-1954296
In base 4, what is 2202 + -3202101320?
-3202033112
In base 14, what is -35 - -13b0a?
13ab5
In base 3, what is 20221122120 + -20020?
20221102100
In base 3, what is 112112201 - -100101?
112220002
In base 15, what is -909a + c?
-908d
In base 9, what is 7673 + 441?
8224
In base 9, what is -5 - -1303037?
1303032
In base 7, what is 56202 - -104516?
164021
In base 15, what is -de9 - -c33?
-1b6
In base 2, what is 1011 + 101010001010011001110?
101010001010011011001
In base 9, what is -853524 + -36?
-853561
In base 14, what is -c52d7 + a?
-c52cb
In base 8, what is 52 - -37327116?
37327170
In base 9, what is 16 + 855555?
855572
In base 5, what is -24112142410 - 3?
-24112142413
In base 11, what is -1 - 29427a4?
-29427a5
In base 6, what is 102 + 23145012?
23145114
In base 3, what is -202221011 - 10001112?
-212222200
In base 6, what is -23 - 2020434?
-2020501
In base 13, what is -149cb4 - -17?
-149c9a
In base 10, what is 24 - 102202?
-102178
In base 6, what is -4 - -1125101120?
1125101112
In base 3, what is -22222021012 - -201?
-22222020111
In base 8, what is -4326277277 - 2?
-4326277301
In base 4, what is 10023022010 + -220?
10023021130
In base 13, what is 4a59312 - 6?
4a59309
In base 9, what is 2035 + -7184?
-5148
In base 7, what is 310061615 - 1?
310061614
In base 6, what is -5535411422 - -5?
-5535411413
In base 9, what is 3440 - -35668?
40218
In base 6, what is -33321 + 24250?
-5031
In base 11, what is -4394 + 59825?
55441
In base 4, what is -22011131 + -1201?
-22012332
In base 9, what is -2874 - -12684?
8710
In base 6, what is 351044 - -22415?
413503
In base 16, what is fb23ab9 - 0?
fb23ab9
In base 5, what is -1330203143 - 10?
-1330203203
In base 5, what is 10311 + 31040313?
31101124
In base 10, what is 38544910 - -1?
38544911
In base 6, what is -1334031 + 4222?
-1325405
In base 9, what is -6858862 + 2?
-6858860
In base 16, what is 1b23 + -16b3?
470
In base 8, what is -343235 - -4431?
-336604
In base 7, what is 2 + 666444664?
666444666
In base 11, what is 5aa0a8 + 501?
5aa5a9
In base 16, what is -1a1aa - b53?
-1acfd
In base 13, what is -3 - -16b28c3?
16b28c0
In base 7, what is -51306 + 3456?
-44520
In base 14, what is -9a94077 + 1?
-9a94076
In base 15, what is -222 - 882?
-aa4
In base 9, what is -1128 + -645436?
-646565
In base 14, what is -48d2 - 15b?
-4a4d
In base 3, what is -2100120010 - -110102102?
-1220010201
In base 3, what is 100201011222 - -102122?
100201121121
In base 15, what is -29a35 + -136?
-29b6b
In base 10, what is 170134082 - 4?
170134078
In base 11, what is -148833a + 37?
-1488303
In base 2, what is 10000011000101010 + 100100?
10000011001001110
In ba